ase 14) in base 3?
-12021221
3087 (base 9) to base 3
10002221
Convert 22020 (base 3) to base 5.
1342
What is 3154 (base 6) in base 12?
4ba
What is -1923 (base 10) in base 9?
-2566
-110111010000 (base 2) to base 16
-dd0
Convert 203102 (base 4) to base 13.
1049
What is -5741 (base 8) in base 3?
-11011122
What is 3a3 (base 11) in base 5?
3401
What is -5424 (base 8) in base 16?
-b14
-1c5 (base 16) to base 7
-1215
Convert 121004 (base 5) to base 8.
10630
Convert 11661 (base 15) to base 12.
28101
22300012 (base 4) to base 8
126006
Convert -2753 (base 11) to base 15.
-10cc
131 (base 15) to base 12
1a7
Convert -1011010010101 (base 2) to base 13.
-2829
Convert -110011001111110 (base 2) to base 9.
-38883
-60512 (base 7) to base 16
-3944
What is 1682 (base 9) in base 10?
1289
Convert -40624 (base 9) to base 12.
-13594
-6743 (base 10) to base 7
-25442
What is -8921 (base 13) in base 8?
-45264
What is 856 (base 13) in base 4?
112033
What is -43361 (base 7) in base 13?
-4c07
Convert -169 (base 11) to base 5.
-1241
What is -13131 (base 4) in base 16?
-1dd
102745 (base 8) to base 5
2044102
Convert -32a (base 14) to base 12.
-442
What is 6977 (base 10) in base 6?
52145
What is -35264 (base 8) in base 7?
-61546
Convert -67c (base 15) to base 2.
-10110111011
-32321 (base 7) to base 13
-3884
Convert 121140 (base 5) to base 11.
3462
Convert -2544 (base 6) to base 7.
-1603
Convert 16873 (base 9) to base 13.
53c1
b1b (base 12) to base 4
121013
-201 (base 5) to base 16
-33
Convert -115 (base 11) to base 15.
-92
What is 5a96 (base 16) in base 2?
101101010010110
-19520 (base 13) to base 2
-1100000000110101
What is 111422 (base 7) in base 15?
5cc8
Convert -3330 (base 9) to base 8.
-4631
What is -564a (base 11) in base 13?
-34cc
Convert 225626 (base 7) to base 12.
1b4a5
What is 256441 (base 7) in base 4?
23230132
Convert 11011011101 (base 2) to base 9.
2362
Convert b7 (base 16) to base 10.
183
What is 1610 (base 7) in base 6?
2552
What is -2631 (base 7) in base 3?
-1101010
-1000111111001 (base 2) to base 6
-33145
Convert -10a87 (base 11) to base 12.
-928a
-14403 (base 5) to base 11
-a17
What is -12112201 (base 3) in base 2?
-111111001010
What is 19405 (base 10) in base 4?
10233031
Convert 1b3 (base 15) to base 12.
289
-93d4 (base 16) to base 5
-2202334
What is 112453 (base 6) in base 9?
14246
-5157 (base 16) to base 10
-20823
1051540 (base 6) to base 7
312066
Convert 2101121220 (base 3) to base 15.
de5c
-21200 (base 4) to base 10
-608
3206 (base 10) to base 6
22502
-11045 (base 6) to base 3
-2010002
Convert -45410 (base 6) to base 16.
-190e
What is 1571 (base 11) in base 4?
133132
Convert 2cc0 (base 14) to base 9.
11877
33f4 (base 16) to base 6
141324
What is -140 (base 13) in base 5?
-1341
1012221110 (base 3) to base 7
130005
What is -12350 (base 6) in base 5?
-24431
What is 5 (base 7) in base 3?
12
What is 14461 (base 7) in base 9?
5447
-113221 (base 5) to base 14
-1750
What is -130021 (base 4) in base 14?
-929
-163 (base 16) to base 8
-543
687 (base 9) to base 3
202221
Convert bb2 (base 14) to base 9.
3148
What is 2088 (base 15) in base 10?
6878
What is 14803 (base 12) in base 14?
a6d5
What is -11550 (base 9) in base 15?
-2460
522 (base 9) to base 7
1145
Convert -327 (base 13) to base 14.
-2a8
What is -11230031 (base 4) in base 10?
-23309
Convert -20a9 (base 12) to base 9.
-4823
Convert 2db2 (base 16) to base 2.
10110110110010
200000211 (base 3) to base 10
13144
What is -7601 (base 8) in base 12?
-2369
What is 183 (base 9) in base 12?
110
1e92 (base 15) to base 5
203122
-1014 (base 10) to base 9
-1346
Convert -2571 (base 8) to base 10.
-1401
Convert -251 (base 15) to base 5.
-4101
Convert -210222 (base 3) to base 2.
-1001010001
-17c (base 15) to base 6
-1330
Convert 682 (base 11) to base 2.
1100110000
-77 (base 13) to base 6
-242
-133020 (base 5) to base 2
-1010100001001
Convert 10348 (base 11) to base 4.
3223100
What is -735 (base 9) in base 5?
-4344
-6a3 (base 13) to base 11
-953
What is -16781 (base 9) in base 14?
-430b
What is -544 (base 7) in base 2?
-100010101
Convert 25222 (base 6) to base 8.
7256
Convert -21210210 (base 3) to base 16.
-163b
81 (base 15) to base 9
144
-10101100 (base 2) to base 14
-c4
Convert 101110111 (base 2) to base 14.
1cb
What is 1110000001 (base 2) in base 5?
12042
Convert -11111111011 (base 2) to base 11.
-1598
-25a5 (base 12) to base 4
-1003031
Convert 344034 (base 7) to base 10.
61422
Convert -3c1 (base 14) to base 12.
-531
19e7 (base 15) to base 8
12761
Convert -47 (base 13) to base 11.
-54
Convert 130646 (base 7) to base 5.
1234323
Convert 1532 (base 13) to base 15.
da8
168 (base 11) to base 6
523
Convert -320 (base 5) to base 8.
-125
Convert -1163 (base 8) to base 13.
-393
What is 44ba (base 13) in base 2?
10010110010001
Convert -83 (base 14) to base 10.
-115
What is -10345 (base 7) in base 4?
-220111
-66f7 (base 16) to base 14
-986b
100000000 (base 2) to base 6
1104
1000001010111011 (base 2) to base 16
82bb
-14424 (base 8) to base 12
-3870
-1570 (base 8) to base 5
-12023
What is -1375 (base 8) in base 2?
-1011111101
What is -3016 (base 7) in base 14?
-546
What is -42707 (base 8) in base 16?
-45c7
What is 3536 (base 8) in base 15?
85b
Convert 137 (base 8) to base 4.
1133
Convert 13200 (base 4) to base 12.
340
2086 (base 14) to base 9
7618
Convert -33 (base 7) to base 4.
-120
144446 (base 7) to base 3
1102102112
What is 3352 (base 7) in base 8?
2275
1333 (base 6) to base 16
159
Convert -54a (base 11) to base 14.
-351
What is b18 (base 14) in base 3?
2222200
-21056 (base 7) to base 4
-1101002
What is 7aad (base 16) in base 9?
47064
-b6c (base 14) to base 8
-4314
What is -1056 (base 9) in base 4?
-30030
30144 (base 6) to base 13
1a50
-4155 (base 8) to base 15
-98c
-245 (base 8) to base 14
-bb
What is 3504 (base 15) in base 16?
2bf6
13122 (base 5) to base 13
61a
What is 203410 (base 6) in base 2?
11111111011110
Convert -533 (base 6) to base 11.
-173
4233 (base 8) to base 4
202123
What is 1600 (base 7) in base 6?
2541
12ad (base 15) to base 4
332110
112a (base 13) to base 6
15042
Convert -120110202 (base 3) to base 6.
-124115
-117386 (base 9) to base 4
-101111322
What is -1301020 (base 4) in base 9?
-10834
-4815 (base 12) to base 16
-1f91
Convert -101111001 (base 2) to base 11.
-313
1100 (base 9) to base 16
32a
What is 717 (base 8) in base 14?
251
Convert 17a7 (base 12) to base 15.
cad
What is -111100111001000 (base 2) in base 12?
-16060
What is 24b (base 16) in base 10?
587
-9154 (base 12) to base 7
-63643
What is -11001001001011 (base 2) in base 5?
-403000
2101021 (base 3) to base 6
12011
Convert 9936 (base 11) to base 3.
122222110
What is -200120 (base 3) in base 5?
-4001
What is 8254 (base 13) in base 9?
26601
381 (base 14) to base 12
4a5
What is -15b7 (base 12) in base 2?
-101000011011
What is -2527a (base 13) in base 9?
-114022
What is 1a93 (base 11) in base 4?
221103
What is -4a6 (base 14) in base 13?
-567
What is -1000100011110 (base 2) in base 11?
-3324
Convert 929 (base 12) to base 4.
110301
120a (base 14) to base 4
301022
What is 2604 (base 8) in base 13?
848
Convert -4142 (base 6) to base 3.
-1021022
What is 617 (base 13) in base 11?
860
Convert -28348 (base 9) to base 11.
-13502
20 (base 4) to base 6
12
-1805 (base 16) to base 3
-22102202
1120 (base 3) to base 2
101010
3988 (base 10) to base 2
111110010100
Convert -a89 (base 15) to base 14.
-c1d
-453115 (base 6) to base 4
-21112013
-341b (base 12) to base 2
-1011010010111
Convert 345052 (base 6) to base 11.
20291
What is -1000110010111 (base 2) in base 13?
-2085
What is -1ca (base 16) in base 12?
-322
Convert 1031030 (base 5) to base 6.
213400
a782 (base 11) to base 6
145543
Convert 192 (base 15) to base 9.
442
Convert -19df (base 16) to base 12.
-39bb
What is 110210 (base 3) in base 7?
1002
What is 1303310 (base 4) in base 13?
34b2
-7dd (base 15) to base 4
-123313
-192f (base 16) to base 5
-201242
What is -1000121010 (base 3) in base 9?
-30533
Convert -767 (base 9) to base 2.
-1001110100
Convert -2633 (base 9) to base 10.
-1974
Convert 496 (base 11) to base 2.
1001001101
Convert -2100200 (base 3) to base 5.
-23334
What is -131032 (base 5) in base 13?
-2457
Convert -10000100111 (base 2) to base 13.
-63a
What is 244 (base 9) in base 6?
534
What is -100011101100000 (base 